{"id":391,"date":"2012-10-08T18:29:59","date_gmt":"2012-10-08T15:29:59","guid":{"rendered":"http:\/\/atimures.ro\/?page_id=391"},"modified":"2013-01-15T07:25:35","modified_gmt":"2013-01-15T05:25:35","slug":"amg-iv-lm-ati","status":"publish","type":"page","link":"https:\/\/atimures.ro\/?page_id=391","title":{"rendered":"AMG IV LM ATI"},"content":{"rendered":"<p>1.<a href=\"http:\/\/atimures.ro\/wp-content\/uploads\/2012\/10\/AMG-IV-LM-ATI-1.pdf\" target=\"_blank\"> Bevezet\u0151<\/a><\/p>\n<p>2.<a href=\"http:\/\/atimures.ro\/wp-content\/uploads\/2012\/10\/AMG-IV-LM-ATI-2.pdf\" target=\"_blank\"> L\u00e9gz\u00e9si el\u00e9gtelens\u00e9g<\/a><\/p>\n<p>3.<a href=\"http:\/\/atimures.ro\/wp-content\/uploads\/2012\/10\/AMG-IV-LM-ATI-3.pdf\" target=\"_blank\"> Cardiog\u00e9n shock<\/a><\/p>\n<p>4. <a href=\"http:\/\/atimures.ro\/wp-content\/uploads\/2012\/10\/AMG-IV-LM-ATI-4.pdf\" target=\"_blank\">Tudatzavarok<\/a><\/p>\n<p>5. <a href=\"http:\/\/atimures.ro\/wp-content\/uploads\/2012\/10\/AMG-IV-LM-ATI-5.pdf\" target=\"_blank\">M\u00e1jelegtelens\u00e9g<\/a><\/p>\n<p>6. <a href=\"http:\/\/atimures.ro\/wp-content\/uploads\/2012\/10\/AMG-IV-LM-ATI-6.pdf\" target=\"_blank\">M\u00e9rgez\u00e9sek<\/a><\/p>\n<p>7. <a href=\"http:\/\/atimures.ro\/wp-content\/uploads\/2012\/10\/AMG-IV-LM-ATI-7.pdf\" target=\"_blank\">Mesters\u00e9ges t\u00e1pl\u00e1l\u00e1s<\/a><\/p>\n<p>8. <a href=\"http:\/\/atimures.ro\/wp-content\/uploads\/2012\/10\/AMG-IV-LM-ATI-8.pdf\" target=\"_blank\">Sav-b\u00e1zis egyens\u00faly zavarok<\/a><\/p>\n<p>&nbsp;<\/p>\n<p>&nbsp;<\/p>\n<p>&nbsp;<\/p>\n<p>&nbsp;<\/p>\n<p>&nbsp;<\/p>\n<p>&nbsp;<\/p>\n<p>&nbsp;<\/p>\n<p>Autori:<\/p>\n<p>\u0218ef.lucr.dr. Kovacs Judit<\/p>\n<p>\u0218ef.lucr.dr. Szederjesi Janos<\/p>\n<p>&nbsp;<\/p>\n<p>&nbsp;<\/p>\n<p>&nbsp;<\/p>\n<p>&nbsp;<\/p>\n<p>&nbsp;<\/p>\n<p>&nbsp;<\/p>\n<p>&nbsp;<\/p>\n","protected":false},"excerpt":{"rendered":"<p>1. Bevezet\u0151 2. L\u00e9gz\u00e9si el\u00e9gtelens\u00e9g 3. Cardiog\u00e9n shock 4. Tudatzavarok 5. M\u00e1jelegtelens\u00e9g 6. M\u00e9rgez\u00e9sek 7. Mesters\u00e9ges t\u00e1pl\u00e1l\u00e1s 8. Sav-b\u00e1zis egyens\u00faly zavarok &nbsp; &nbsp; &nbsp; &nbsp; &nbsp; &nbsp; &nbsp; Autori: \u0218ef.lucr.dr. Kovacs Judit \u0218ef.lucr.dr. Szederjesi Janos &nbsp; &nbsp; &nbsp; &nbsp; &nbsp; &hellip; <a href=\"https:\/\/atimures.ro\/?page_id=391\">Continue reading <span class=\"meta-nav\">&rarr;<\/span><\/a><\/p>\n","protected":false},"author":2,"featured_media":0,"parent":175,"menu_order":0,"comment_status":"closed","ping_status":"closed","template":"","meta":{"footnotes":""},"class_list":["post-391","page","type-page","status-publish","hentry"],"_links":{"self":[{"href":"https:\/\/atimures.ro\/index.php?rest_route=\/wp\/v2\/pages\/391","targetHints":{"allow":["GET"]}}],"collection":[{"href":"https:\/\/atimures.ro\/index.php?rest_route=\/wp\/v2\/pages"}],"about":[{"href":"https:\/\/atimures.ro\/index.php?rest_route=\/wp\/v2\/types\/page"}],"author":[{"embeddable":true,"href":"https:\/\/atimures.ro\/index.php?rest_route=\/wp\/v2\/users\/2"}],"replies":[{"embeddable":true,"href":"https:\/\/atimures.ro\/index.php?rest_route=%2Fwp%2Fv2%2Fcomments&post=391"}],"version-history":[{"count":11,"href":"https:\/\/atimures.ro\/index.php?rest_route=\/wp\/v2\/pages\/391\/revisions"}],"predecessor-version":[{"id":503,"href":"https:\/\/atimures.ro\/index.php?rest_route=\/wp\/v2\/pages\/391\/revisions\/503"}],"up":[{"embeddable":true,"href":"https:\/\/atimures.ro\/index.php?rest_route=\/wp\/v2\/pages\/175"}],"wp:attachment":[{"href":"https:\/\/atimures.ro\/index.php?rest_route=%2Fwp%2Fv2%2Fmedia&parent=391"}],"curies":[{"name":"wp","href":"https:\/\/api.w.org\/{rel}","templated":true}]}}