{"id":26,"date":"2012-09-26T12:17:24","date_gmt":"2012-09-26T09:17:24","guid":{"rendered":"http:\/\/atimures.ro\/?page_id=26"},"modified":"2024-03-12T08:58:03","modified_gmt":"2024-03-12T06:58:03","slug":"informatii","status":"publish","type":"page","link":"https:\/\/atimures.ro\/?page_id=26","title":{"rendered":"Info"},"content":{"rendered":"<p><a href=\"https:\/\/cprguidelines.eu\/sites\/573c777f5e61585a053d7ba5\/content_entry573c77e35e61585a053d7baf\/573c78115e61585a053d7bce\/files\/S0300-9572_15_00329-9_main.pdf?\">CPR in special circumstances (ERC guidelines)<\/a><\/p>\n<p><a href=\"http:\/\/atimures.ro\/wp-content\/uploads\/2012\/09\/LP.pdf\" target=\"_blank\" rel=\"noopener\">Caiet de lucrari practice &#8211; ATI anul V MG &#8211; limba rom\u00e2n\u0103<\/a><\/p>\n<p><a href=\"http:\/\/atimures.ro\/wp-content\/uploads\/2012\/09\/Ghidul-National-de-utilizare-terapeutica-rationala-a-sangelui-si-a-componentelor-sanguine-umane.pdf\" target=\"_blank\" rel=\"noopener\">Ghidul National de utilizare terapeutica rationala a sangelui si a componentelor sanguine umane<\/a><\/p>\n<p><a href=\"http:\/\/atimures.ro\/wp-content\/uploads\/2012\/09\/Bibliografie.pdf\" target=\"_blank\" rel=\"noopener\">Bibliografia pentru examenul de medic specialist<\/a><\/p>\n<p><a href=\"http:\/\/atimures.ro\/wp-content\/uploads\/2012\/09\/Regulament-ATI-Romana.pdf\" target=\"_blank\" rel=\"noopener\">Regulamentului de organizare si functionare a sectiilor si compartimentelor de anestezie si terapie intensiva<\/a><\/p>\n<p><a href=\"http:\/\/atimures.ro\/wp-content\/uploads\/2012\/09\/Carte-nurse.pdf\" target=\"_blank\" rel=\"noopener\">Ghid de bun\u0103 practic\u0103 \u00een TI<\/a><\/p>\n<p><a href=\"http:\/\/atimures.ro\/wp-content\/uploads\/2012\/09\/tematica-licenta-AMG.pdf\" target=\"_blank\" rel=\"noopener\">Tematic\u0103 examen practic licen\u021b\u0103 &#8211; asisten\u021b\u0103 medical\u0103 general\u0103<\/a><\/p>\n<p><a href=\"http:\/\/atimures.ro\/wp-content\/uploads\/2012\/09\/Ex-primariat.pdf\" target=\"_blank\" rel=\"noopener\">Tematic\u0103 examen medic primar<\/a><\/p>\n<p>Plansa blocuri: <a href=\"http:\/\/atimures.ro\/wp-content\/uploads\/2012\/09\/00000001.tif\" target=\"_blank\" rel=\"noopener\">1<\/a>, <a href=\"http:\/\/atimures.ro\/wp-content\/uploads\/2012\/09\/00000001_02.tif\" target=\"_blank\" rel=\"noopener\">2<\/a><\/p>\n<p>Recuperare avansata in obstetrica <a href=\"https:\/\/atimures.ro\/wp-content\/uploads\/2024\/03\/Recuperare-avansata-Obs-1.pdf\" target=\"_blank\" rel=\"noopener\">1<\/a> <a href=\"https:\/\/atimures.ro\/wp-content\/uploads\/2024\/03\/Recuperare-avansata-Obs-2.pdf\" target=\"_blank\" rel=\"noopener\">2<\/a> <a href=\"https:\/\/atimures.ro\/wp-content\/uploads\/2024\/03\/Recuperare-avansata-Obs-3.pdf\" target=\"_blank\" rel=\"noopener\">3<\/a><\/p>\n<p><a href=\"http:\/\/atimures.ro\/wp-content\/uploads\/2012\/09\/manual-prim-ajutor.pdf\" target=\"_blank\" rel=\"noopener\">\u00a0<\/a><\/p>\n<p><a href=\"http:\/\/atimures.ro\/wp-content\/uploads\/2012\/09\/OCTOMBRIE-2012.pdf\" target=\"_blank\" rel=\"noopener\">\u00a0<\/a><\/p>\n","protected":false},"excerpt":{"rendered":"<p>CPR in special circumstances (ERC guidelines) Caiet de lucrari practice &#8211; ATI anul V MG &#8211; limba rom\u00e2n\u0103 Ghidul National de utilizare terapeutica rationala a sangelui si a componentelor sanguine umane Bibliografia pentru examenul de medic specialist Regulamentului de organizare &hellip; <a href=\"https:\/\/atimures.ro\/?page_id=26\">Continue reading <span class=\"meta-nav\">&rarr;<\/span><\/a><\/p>\n","protected":false},"author":2,"featured_media":0,"parent":0,"menu_order":8,"comment_status":"closed","ping_status":"closed","template":"","meta":{"footnotes":""},"class_list":["post-26","page","type-page","status-publish","hentry"],"_links":{"self":[{"href":"https:\/\/atimures.ro\/index.php?rest_route=\/wp\/v2\/pages\/26","targetHints":{"allow":["GET"]}}],"collection":[{"href":"https:\/\/atimures.ro\/index.php?rest_route=\/wp\/v2\/pages"}],"about":[{"href":"https:\/\/atimures.ro\/index.php?rest_route=\/wp\/v2\/types\/page"}],"author":[{"embeddable":true,"href":"https:\/\/atimures.ro\/index.php?rest_route=\/wp\/v2\/users\/2"}],"replies":[{"embeddable":true,"href":"https:\/\/atimures.ro\/index.php?rest_route=%2Fwp%2Fv2%2Fcomments&post=26"}],"version-history":[{"count":24,"href":"https:\/\/atimures.ro\/index.php?rest_route=\/wp\/v2\/pages\/26\/revisions"}],"predecessor-version":[{"id":2139,"href":"https:\/\/atimures.ro\/index.php?rest_route=\/wp\/v2\/pages\/26\/revisions\/2139"}],"wp:attachment":[{"href":"https:\/\/atimures.ro\/index.php?rest_route=%2Fwp%2Fv2%2Fmedia&parent=26"}],"curies":[{"name":"wp","href":"https:\/\/api.w.org\/{rel}","templated":true}]}}